{"id":2440,"date":"2017-07-25T07:00:20","date_gmt":"2017-07-25T07:00:20","guid":{"rendered":"https:\/\/int-ecole-org.flywheelsites.com\/home\/"},"modified":"2025-03-03T15:41:38","modified_gmt":"2025-03-03T14:41:38","slug":"accueil","status":"publish","type":"page","link":"https:\/\/www.esme.fr\/recherche\/","title":{"rendered":"Accueil"},"content":{"rendered":"\n<div class=\"wp-block-cover alignfull\"><span aria-hidden=\"true\" class=\"wp-block-cover__background has-background-dim\"><\/span><img loading=\"lazy\" decoding=\"async\" width=\"1200\" height=\"630\" class=\"wp-block-cover__image-background wp-image-5548\" alt=\"ESME - \" src=\"https:\/\/www.esme.fr\/recherche\/wp-content\/uploads\/2022\/07\/esme-ecole-ingenieur-fbk.jpg\" data-object-fit=\"cover\" srcset=\"https:\/\/www.esme.fr\/recherche\/wp-content\/uploads\/2022\/07\/esme-ecole-ingenieur-fbk.jpg 1200w, https:\/\/www.esme.fr\/recherche\/wp-content\/uploads\/2022\/07\/esme-ecole-ingenieur-fbk-300x158.jpg 300w, https:\/\/www.esme.fr\/recherche\/wp-content\/uploads\/2022\/07\/esme-ecole-ingenieur-fbk-1024x538.jpg 1024w, https:\/\/www.esme.fr\/recherche\/wp-content\/uploads\/2022\/07\/esme-ecole-ingenieur-fbk-768x403.jpg 768w\" sizes=\"auto, (max-width: 1200px) 100vw, 1200px\" \/><div class=\"wp-block-cover__inner-container is-layout-flow wp-block-cover-is-layout-flow\">\n<p class=\"has-text-align-center has-tertiary-color has-text-color has-dm-sans-font-family has-large-font-size\"><strong>BIENVENUE \u00c0 L\u2019ESME RESEARCH LAB, LE DEPARTEMENT RECHERCHE DE L&rsquo;ESME<\/strong><\/p>\n\n\n\n<div class=\"wp-block-group has-global-padding is-layout-constrained wp-container-core-group-is-layout-52520bdf wp-block-group-is-layout-constrained\">\n<p class=\"has-text-align-left has-tertiary-color has-text-color\" style=\"margin-top:0;margin-right:0;margin-bottom:0;margin-left:0\">\u00c0 l\u2019ESME, la recherche et le transfert de technologie sont intimement m\u00eal\u00e9s au processus d\u2019innovation et impr\u00e8gnent en profondeur la p\u00e9dagogie. C\u2019est une dimension inh\u00e9rente \u00e0 la fonction m\u00eame d\u2019ing\u00e9nieur.<\/p>\n\n\n\n<figure class=\"wp-block-image size-full is-resized has-custom-border\"><img loading=\"lazy\" decoding=\"async\" width=\"1142\" height=\"1334\" src=\"https:\/\/www.esme.fr\/recherche\/wp-content\/uploads\/2022\/04\/LogoESMEResearchLab2.png\" alt=\"LOGO ESME RESEARCH LAB\" class=\"wp-image-5414\" style=\"border-radius:5px;width:129px;height:150px\" srcset=\"https:\/\/www.esme.fr\/recherche\/wp-content\/uploads\/2022\/04\/LogoESMEResearchLab2.png 1142w, https:\/\/www.esme.fr\/recherche\/wp-content\/uploads\/2022\/04\/LogoESMEResearchLab2-257x300.png 257w, https:\/\/www.esme.fr\/recherche\/wp-content\/uploads\/2022\/04\/LogoESMEResearchLab2-877x1024.png 877w, https:\/\/www.esme.fr\/recherche\/wp-content\/uploads\/2022\/04\/LogoESMEResearchLab2-768x897.png 768w\" sizes=\"auto, (max-width: 1142px) 100vw, 1142px\" \/><\/figure>\n<\/div>\n<\/div><\/div>\n\n\n\n<div class=\"wp-block-group alignwide has-global-padding is-layout-constrained wp-container-core-group-is-layout-12243e0f wp-block-group-is-layout-constrained\">\n<p class=\"has-contrast-color has-text-color\">\u00ab&nbsp;L\u2019\u00e9cole dispose d\u2019une \u00e9quipe de recherche, l\u2019ESME&nbsp;Research&nbsp;Lab. La strat\u00e9gie de recherche est \u00e9tablie de mani\u00e8re \u00e0 assurer la coh\u00e9rence et la continuit\u00e9 des activit\u00e9s de recherche et de formation, tout en prenant en compte les aspects soci\u00e9taux et territoriaux.&nbsp;La dimension pluridisciplinaire de l\u2019\u00e9cole n\u00e9cessite de former une \u00e9quipe d\u2019enseignantes chercheuses et d\u2019enseignants chercheurs&nbsp;travaillant sur des domaines vari\u00e9s, de la recherche fondamentale en math\u00e9matiques \u00e0 la recherche appliqu\u00e9e en \u00e9nergie, en \u00e9lectronique ou en technologie de l\u2019information.<\/p>\n\n\n\n<p>Pour mener \u00e0 bien ses travaux de recherche, l\u2019ESME&nbsp;Research&nbsp;Lab&nbsp;rassemble l\u2019ensemble des permanents impliqu\u00e9s dans des projets de\u202f\u202f:<\/p>\n\n\n\n<ul style=\"color:#17418f\" class=\"wp-block-list has-text-color\">\n<li>recherche acad\u00e9mique, r\u00e9alis\u00e9e en partenariat avec des laboratoires universitaires et institutionnels et qui donne lieu \u00e0 des publications<br>dans des revues scientifiques et \u00e0 des communications dans des conf\u00e9rences.<\/li>\n\n\n\n<li>transfert de technologie, consistant en une activit\u00e9 de recherche contractuelle pour le compte d\u2019un partenaire.<\/li>\n\n\n\n<li>recherche partenariale impliquant plusieurs partenaires industriels et institutionnels et dont les retomb\u00e9es peuvent \u00eatre industrielles comme acad\u00e9miques. \u00bb<\/li>\n<\/ul>\n\n\n\n<p class=\"has-text-align-right has-text-color\" style=\"color:#17418f\">Aude Herry, directrice de la recherche de l\u2019ESME<\/p>\n\n\n\n<div class=\"wp-block-group alignfull has-global-padding is-content-justification-right is-layout-constrained wp-container-core-group-is-layout-157293b5 wp-block-group-is-layout-constrained\">\n<figure class=\"wp-block-image size-full\"><img loading=\"lazy\" decoding=\"async\" width=\"600\" height=\"400\" src=\"https:\/\/www.esme.fr\/recherche\/wp-content\/uploads\/2021\/10\/aude-herry-recherche-ESME.jpg\" alt=\"Aude Herry\" class=\"wp-image-6540\" style=\"object-fit:cover\" srcset=\"https:\/\/www.esme.fr\/recherche\/wp-content\/uploads\/2021\/10\/aude-herry-recherche-ESME.jpg 600w, https:\/\/www.esme.fr\/recherche\/wp-content\/uploads\/2021\/10\/aude-herry-recherche-ESME-300x200.jpg 300w\" sizes=\"auto, (max-width: 600px) 100vw, 600px\" \/><\/figure>\n<\/div>\n<\/div>\n\n\n\n<div class=\"wp-block-group alignfull has-base-background-color has-background has-global-padding is-layout-constrained wp-container-core-group-is-layout-8a400663 wp-block-group-is-layout-constrained\">\n<h2 class=\"wp-block-heading has-tertiary-color has-text-color has-large-font-size\" id=\"h-axes-de-recherche\" style=\"padding-top:var(--wp--preset--spacing--30);padding-right:var(--wp--preset--spacing--30);padding-bottom:var(--wp--preset--spacing--30);padding-left:var(--wp--preset--spacing--30);text-transform:none\"><strong>Axes de recherche<\/strong><\/h2>\n\n\n\n<div class=\"wp-block-columns is-style-columns-Axe-de-recherche is-layout-flex wp-container-core-columns-is-layout-97e1af2c wp-block-columns-is-layout-flex\" style=\"margin-top:0;margin-bottom:0;padding-top:var(--wp--preset--spacing--40);padding-right:var(--wp--preset--spacing--40);padding-bottom:var(--wp--preset--spacing--40);padding-left:var(--wp--preset--spacing--40)\">\n<div class=\"wp-block-column has-tertiary-background-color has-background is-layout-flow wp-block-column-is-layout-flow\">\n<figure class=\"wp-block-image alignfull size-full has-custom-border\"><img loading=\"lazy\" decoding=\"async\" width=\"346\" height=\"216\" src=\"https:\/\/www.esme.fr\/recherche\/wp-content\/uploads\/2021\/11\/shutterstock_1054385372_ret.png\" alt=\"recherche transport\" class=\"wp-image-4511\" style=\"border-radius:0px\" srcset=\"https:\/\/www.esme.fr\/recherche\/wp-content\/uploads\/2021\/11\/shutterstock_1054385372_ret.png 346w, https:\/\/www.esme.fr\/recherche\/wp-content\/uploads\/2021\/11\/shutterstock_1054385372_ret-300x187.png 300w\" sizes=\"auto, (max-width: 346px) 100vw, 346px\" \/><\/figure>\n\n\n\n<p class=\"has-base-color has-text-color has-medium-font-size\" style=\"padding-top:var(--wp--preset--spacing--30);padding-right:var(--wp--preset--spacing--30);padding-bottom:var(--wp--preset--spacing--30);padding-left:var(--wp--preset--spacing--30)\"><strong><strong>Transports Eco-Intelligents<\/strong><\/strong><\/p>\n\n\n\n<div class=\"wp-block-buttons is-content-justification-center is-layout-flex wp-container-core-buttons-is-layout-098cc607 wp-block-buttons-is-layout-flex\">\n<div class=\"wp-block-button is-style-fill\"><a class=\"wp-block-button__link has-secondary-background-color has-background wp-element-button\" href=\"https:\/\/www.esme.fr\/recherche\/transports-eco-intelligents\/\" style=\"border-radius:5px\"><strong>EN SAVOIR +<\/strong><\/a><\/div>\n<\/div>\n<\/div>\n\n\n\n<div class=\"wp-block-column has-tertiary-background-color has-background is-layout-flow wp-block-column-is-layout-flow\">\n<figure class=\"wp-block-image alignfull size-full has-custom-border\"><img loading=\"lazy\" decoding=\"async\" width=\"346\" height=\"216\" src=\"https:\/\/www.esme.fr\/recherche\/wp-content\/uploads\/2021\/11\/shutterstock_1110835802_ret.png\" alt=\"recherche medicale\" class=\"wp-image-4509\" style=\"border-radius:0px\" srcset=\"https:\/\/www.esme.fr\/recherche\/wp-content\/uploads\/2021\/11\/shutterstock_1110835802_ret.png 346w, https:\/\/www.esme.fr\/recherche\/wp-content\/uploads\/2021\/11\/shutterstock_1110835802_ret-300x187.png 300w\" sizes=\"auto, (max-width: 346px) 100vw, 346px\" \/><\/figure>\n\n\n\n<p class=\"has-base-color has-text-color has-medium-font-size\" style=\"padding-top:var(--wp--preset--spacing--30);padding-right:var(--wp--preset--spacing--30);padding-bottom:var(--wp--preset--spacing--30);padding-left:var(--wp--preset--spacing--30)\"><strong>Sant\u00e9 Aide \u00e0 la Personne et Autonomie<\/strong><\/p>\n\n\n\n<div class=\"wp-block-buttons is-content-justification-center is-layout-flex wp-container-core-buttons-is-layout-098cc607 wp-block-buttons-is-layout-flex\">\n<div class=\"wp-block-button is-style-fill\"><a class=\"wp-block-button__link has-secondary-background-color has-background wp-element-button\" href=\"https:\/\/www.esme.fr\/recherche\/sante-aide-personne-et-autonomie\/\" style=\"border-radius:5px\"><strong>EN SAVOIR +<\/strong><\/a><\/div>\n<\/div>\n<\/div>\n\n\n\n<div class=\"wp-block-column has-tertiary-background-color has-background is-layout-flow wp-block-column-is-layout-flow\">\n<figure class=\"wp-block-image alignfull size-full has-custom-border\"><img loading=\"lazy\" decoding=\"async\" width=\"500\" height=\"333\" src=\"https:\/\/www.esme.fr\/recherche\/wp-content\/uploads\/2023\/05\/developpement-durable-recherche-ESME.jpg\" alt=\"developpement durable recherche ESME\" class=\"wp-image-6438\" style=\"border-radius:0px\" srcset=\"https:\/\/www.esme.fr\/recherche\/wp-content\/uploads\/2023\/05\/developpement-durable-recherche-ESME.jpg 500w, https:\/\/www.esme.fr\/recherche\/wp-content\/uploads\/2023\/05\/developpement-durable-recherche-ESME-300x200.jpg 300w\" sizes=\"auto, (max-width: 500px) 100vw, 500px\" \/><\/figure>\n\n\n\n<p class=\"has-base-color has-text-color has-medium-font-size\" style=\"padding-top:var(--wp--preset--spacing--30);padding-right:var(--wp--preset--spacing--30);padding-bottom:var(--wp--preset--spacing--30);padding-left:var(--wp--preset--spacing--30)\"><strong>D\u00e9veloppement durable<\/strong><\/p>\n\n\n\n<div class=\"wp-block-buttons is-content-justification-center is-layout-flex wp-container-core-buttons-is-layout-098cc607 wp-block-buttons-is-layout-flex\">\n<div class=\"wp-block-button is-style-fill\"><a class=\"wp-block-button__link has-secondary-background-color has-background wp-element-button\" href=\"https:\/\/www.esme.fr\/recherche\/developpement-durable\/\" style=\"border-radius:5px\" target=\"_blank\" rel=\"noreferrer noopener\"><strong>EN SAVOIR +<\/strong><\/a><\/div>\n<\/div>\n<\/div>\n<\/div>\n<\/div>\n\n\n\n<div class=\"wp-block-group alignwide has-global-padding is-layout-constrained wp-container-core-group-is-layout-12243e0f wp-block-group-is-layout-constrained\">\n<h2 class=\"wp-block-heading has-text-color has-x-large-font-size\" id=\"h-nos-dernieres-actualites\" style=\"color:#17418f;margin-top:var(--wp--preset--spacing--40);margin-right:0;margin-bottom:0;margin-left:0\"><strong>Nos derni\u00e8res actualit\u00e9s<\/strong><\/h2>\n\n\n\n<div class=\"wp-block-query is-style-latest-posts-home is-layout-flow wp-block-query-is-layout-flow\"><ul class=\"columns-3 wp-block-post-template is-layout-grid wp-container-core-post-template-is-layout-6d3fbd8f wp-block-post-template-is-layout-grid\"><li class=\"wp-block-post post-7660 post type-post status-publish format-standard hentry category-non-classe\">\n<h2 style=\"font-style:normal;font-weight:700;\" class=\"has-link-color wp-elements-9c4f0aed269f028398b6464cd83fa889 wp-block-post-title has-text-color has-base-color has-medium-font-size\"><a href=\"https:\/\/www.esme.fr\/recherche\/2025\/12\/13\/salah-eddine-laidoudi-successfully-defends-his-phd-in-intelligent-mixed-reality\/\" target=\"_self\" >Salah-eddine Laidoudi Successfully Defends His PhD in Intelligent Mixed Reality<\/a><\/h2>\n\n<div style=\"padding-top:0;padding-right:0;padding-bottom:0;padding-left:0;\" class=\"wp-block-post-excerpt has-text-color has-contrast-color has-small-font-size\"><p class=\"wp-block-post-excerpt__excerpt\">On November 17th, 2025, Salah-eddine Laidoudi, researcher at ESME, successfully defended his PhD thesis entitled\u201cDeep Learning for Immersion and Natural 3D Interaction within Intelligent Mixed Reality Experiences.\u201d He presented his work before an international jury of leading academics from Sorbonne Paris Nord, Universit\u00e9 Paris 8, the University of Staffordshire, and T\u00e9l\u00e9com SudParis, highlighting the scientific\u2026<\/p><p class=\"wp-block-post-excerpt__more-text\"><a class=\"wp-block-post-excerpt__more-link\" href=\"https:\/\/www.esme.fr\/recherche\/2025\/12\/13\/salah-eddine-laidoudi-successfully-defends-his-phd-in-intelligent-mixed-reality\/\">Lire la suite<\/a><\/p><\/div>\n<\/li><li class=\"wp-block-post post-7652 post type-post status-publish format-standard hentry category-non-classe\">\n<h2 style=\"font-style:normal;font-weight:700;\" class=\"has-link-color wp-elements-9c4f0aed269f028398b6464cd83fa889 wp-block-post-title has-text-color has-base-color has-medium-font-size\"><a href=\"https:\/\/www.esme.fr\/recherche\/2025\/12\/03\/an-esme-student-publishes-a-scientific-paper-with-ican-and-saint-antoine-hospital\/\" target=\"_self\" >An ESME Student Publishes a Scientific Paper with ICAN and Saint-Antoine Hospital<\/a><\/h2>\n\n<div style=\"padding-top:0;padding-right:0;padding-bottom:0;padding-left:0;\" class=\"wp-block-post-excerpt has-text-color has-contrast-color has-small-font-size\"><p class=\"wp-block-post-excerpt__excerpt\">An ESME student in the Biotech &amp; Digital major has co-authored a scientific publication as part of their internship with ICAN and Saint-Antoine Hospital (AP-HP). The paper, \u201cRefining the phenotype of patients with atrial fibrillation and spontaneous restoration of sinus rhythm,\u201d explores why some patients with atrial fibrillation naturally return to a normal heart rhythm.\u2026<\/p><p class=\"wp-block-post-excerpt__more-text\"><a class=\"wp-block-post-excerpt__more-link\" href=\"https:\/\/www.esme.fr\/recherche\/2025\/12\/03\/an-esme-student-publishes-a-scientific-paper-with-ican-and-saint-antoine-hospital\/\">Lire la suite<\/a><\/p><\/div>\n<\/li><li class=\"wp-block-post post-7633 post type-post status-publish format-standard hentry category-non-classe\">\n<h2 style=\"font-style:normal;font-weight:700;\" class=\"has-link-color wp-elements-9c4f0aed269f028398b6464cd83fa889 wp-block-post-title has-text-color has-base-color has-medium-font-size\"><a href=\"https:\/\/www.esme.fr\/recherche\/2025\/11\/04\/lesme-participe-a-la-23%e1%b5%89-edition-du-symposium-ieee-nca-2025-a-lisbonne\/\" target=\"_self\" >L\u2019ESME participe \u00e0 la 23\u1d49 \u00e9dition du symposium IEEE NCA 2025 \u00e0 Lisbonne<\/a><\/h2>\n\n<div style=\"padding-top:0;padding-right:0;padding-bottom:0;padding-left:0;\" class=\"wp-block-post-excerpt has-text-color has-contrast-color has-small-font-size\"><p class=\"wp-block-post-excerpt__excerpt\">Camila Murad Veille (ESME promo 2026) a eu l\u2019honneur de voir son article de recherche accept\u00e9 \u00e0 la 23\u1d49 \u00e9dition du IEEE International Symposium on Network Computing and Applications (IEEE NCA 2025), qui se tiendra du 5 au 7 novembre 2025 \u00e0 l\u2019Instituto Superior T\u00e9cnico de Lisbonne, au Portugal. Cet article, co\u00e9crit avec Lamine Amour\u2026<\/p><p class=\"wp-block-post-excerpt__more-text\"><a class=\"wp-block-post-excerpt__more-link\" href=\"https:\/\/www.esme.fr\/recherche\/2025\/11\/04\/lesme-participe-a-la-23%e1%b5%89-edition-du-symposium-ieee-nca-2025-a-lisbonne\/\">Lire la suite<\/a><\/p><\/div>\n<\/li><\/ul><\/div>\n<\/div>\n","protected":false},"excerpt":{"rendered":"<p>\u00ab&nbsp;L\u2019\u00e9cole dispose d\u2019une \u00e9quipe de recherche, l\u2019ESME&nbsp;Research&nbsp;Lab. La strat\u00e9gie de recherche est \u00e9tablie de mani\u00e8re \u00e0 assurer la coh\u00e9rence et la continuit\u00e9 des activit\u00e9s de recherche et de formation, tout en prenant en compte les aspects soci\u00e9taux et territoriaux.&nbsp;La dimension pluridisciplinaire de l\u2019\u00e9cole n\u00e9cessite de former une \u00e9quipe d\u2019enseignantes chercheuses et d\u2019enseignants chercheurs&nbsp;travaillant sur des [&hellip;]<\/p>\n","protected":false},"author":1,"featured_media":5548,"parent":0,"menu_order":0,"comment_status":"closed","ping_status":"closed","template":"","meta":{"_acf_changed":false,"footnotes":""},"class_list":["post-2440","page","type-page","status-publish","has-post-thumbnail","hentry"],"acf":[],"yoast_head":"<!-- This site is optimized with the Yoast SEO Premium plugin v22.8 (Yoast SEO v27.3) - https:\/\/yoast.com\/product\/yoast-seo-premium-wordpress\/ -->\n<title>ESME Research Lab - Le d\u00e9partement recherche de l&#039;ESME<\/title>\n<meta name=\"description\" content=\"\u00c0 l\u2019ESME, la recherche et le transfert de technologie sont intimement m\u00eal\u00e9s au processus d\u2019innovation et impr\u00e8gnent vraiment la p\u00e9dagogie.\" \/>\n<meta name=\"robots\" content=\"index, follow, max-snippet:-1, max-image-preview:large, max-video-preview:-1\" \/>\n<link rel=\"canonical\" href=\"https:\/\/www.esme.fr\/recherche\/\" \/>\n<meta property=\"og:locale\" content=\"fr_FR\" \/>\n<meta property=\"og:type\" content=\"article\" \/>\n<meta property=\"og:title\" content=\"Accueil\" \/>\n<meta property=\"og:description\" content=\"\u00c0 l\u2019ESME, la recherche et le transfert de technologie sont intimement m\u00eal\u00e9s au processus d\u2019innovation et impr\u00e8gnent vraiment la p\u00e9dagogie.\" \/>\n<meta property=\"og:url\" content=\"https:\/\/www.esme.fr\/recherche\/\" \/>\n<meta property=\"article:modified_time\" content=\"2025-03-03T14:41:38+00:00\" \/>\n<meta property=\"og:image\" content=\"https:\/\/www.esme.fr\/recherche\/wp-content\/uploads\/2022\/07\/esme-ecole-ingenieur-fbk.jpg\" \/>\n\t<meta property=\"og:image:width\" content=\"1200\" \/>\n\t<meta property=\"og:image:height\" content=\"630\" \/>\n\t<meta property=\"og:image:type\" content=\"image\/jpeg\" \/>\n<meta name=\"twitter:card\" content=\"summary_large_image\" \/>\n<meta name=\"twitter:title\" content=\"ESME Research Lab - Le d\u00e9partement recherche de l&#039;ESME\" \/>\n<meta name=\"twitter:description\" content=\"\u00c0 l\u2019ESME, la recherche et le transfert de technologie sont intimement m\u00eal\u00e9s au processus d\u2019innovation et impr\u00e8gnent vraiment la p\u00e9dagogie.\" \/>\n<meta name=\"twitter:label1\" content=\"Dur\u00e9e de lecture estim\u00e9e\" \/>\n\t<meta name=\"twitter:data1\" content=\"3 minutes\" \/>\n<script type=\"application\/ld+json\" class=\"yoast-schema-graph\">{\"@context\":\"https:\\\/\\\/schema.org\",\"@graph\":[{\"@type\":\"WebPage\",\"@id\":\"https:\\\/\\\/www.esme.fr\\\/recherche\\\/\",\"url\":\"https:\\\/\\\/www.esme.fr\\\/recherche\\\/\",\"name\":\"ESME Research Lab - Le d\u00e9partement recherche de l'ESME\",\"isPartOf\":{\"@id\":\"https:\\\/\\\/www.esme.fr\\\/recherche\\\/#website\"},\"primaryImageOfPage\":{\"@id\":\"https:\\\/\\\/www.esme.fr\\\/recherche\\\/#primaryimage\"},\"image\":{\"@id\":\"https:\\\/\\\/www.esme.fr\\\/recherche\\\/#primaryimage\"},\"thumbnailUrl\":\"https:\\\/\\\/www.esme.fr\\\/recherche\\\/wp-content\\\/uploads\\\/2022\\\/07\\\/esme-ecole-ingenieur-fbk.jpg\",\"datePublished\":\"2017-07-25T07:00:20+00:00\",\"dateModified\":\"2025-03-03T14:41:38+00:00\",\"description\":\"\u00c0 l\u2019ESME, la recherche et le transfert de technologie sont intimement m\u00eal\u00e9s au processus d\u2019innovation et impr\u00e8gnent vraiment la p\u00e9dagogie.\",\"breadcrumb\":{\"@id\":\"https:\\\/\\\/www.esme.fr\\\/recherche\\\/#breadcrumb\"},\"inLanguage\":\"fr-FR\",\"potentialAction\":[{\"@type\":\"ReadAction\",\"target\":[\"https:\\\/\\\/www.esme.fr\\\/recherche\\\/\"]}]},{\"@type\":\"ImageObject\",\"inLanguage\":\"fr-FR\",\"@id\":\"https:\\\/\\\/www.esme.fr\\\/recherche\\\/#primaryimage\",\"url\":\"https:\\\/\\\/www.esme.fr\\\/recherche\\\/wp-content\\\/uploads\\\/2022\\\/07\\\/esme-ecole-ingenieur-fbk.jpg\",\"contentUrl\":\"https:\\\/\\\/www.esme.fr\\\/recherche\\\/wp-content\\\/uploads\\\/2022\\\/07\\\/esme-ecole-ingenieur-fbk.jpg\",\"width\":1200,\"height\":630,\"caption\":\"ESME - L'\u00e9cole des ing\u00e9nieurs de l'innovation responsable\"},{\"@type\":\"BreadcrumbList\",\"@id\":\"https:\\\/\\\/www.esme.fr\\\/recherche\\\/#breadcrumb\",\"itemListElement\":[{\"@type\":\"ListItem\",\"position\":1,\"name\":\"Accueil\",\"item\":\"https:\\\/\\\/www.esme.fr\\\/recherche\\\/\"},{\"@type\":\"ListItem\",\"position\":2,\"name\":\"Accueil\"}]},{\"@type\":\"WebSite\",\"@id\":\"https:\\\/\\\/www.esme.fr\\\/recherche\\\/#website\",\"url\":\"https:\\\/\\\/www.esme.fr\\\/recherche\\\/\",\"name\":\"\",\"description\":\"Innovative Engineering\",\"potentialAction\":[{\"@type\":\"SearchAction\",\"target\":{\"@type\":\"EntryPoint\",\"urlTemplate\":\"https:\\\/\\\/www.esme.fr\\\/recherche\\\/?s={search_term_string}\"},\"query-input\":{\"@type\":\"PropertyValueSpecification\",\"valueRequired\":true,\"valueName\":\"search_term_string\"}}],\"inLanguage\":\"fr-FR\"}]}<\/script>\n<!-- \/ Yoast SEO Premium plugin. -->","yoast_head_json":{"title":"ESME Research Lab - Le d\u00e9partement recherche de l'ESME","description":"\u00c0 l\u2019ESME, la recherche et le transfert de technologie sont intimement m\u00eal\u00e9s au processus d\u2019innovation et impr\u00e8gnent vraiment la p\u00e9dagogie.","robots":{"index":"index","follow":"follow","max-snippet":"max-snippet:-1","max-image-preview":"max-image-preview:large","max-video-preview":"max-video-preview:-1"},"canonical":"https:\/\/www.esme.fr\/recherche\/","og_locale":"fr_FR","og_type":"article","og_title":"Accueil","og_description":"\u00c0 l\u2019ESME, la recherche et le transfert de technologie sont intimement m\u00eal\u00e9s au processus d\u2019innovation et impr\u00e8gnent vraiment la p\u00e9dagogie.","og_url":"https:\/\/www.esme.fr\/recherche\/","article_modified_time":"2025-03-03T14:41:38+00:00","og_image":[{"width":1200,"height":630,"url":"https:\/\/www.esme.fr\/recherche\/wp-content\/uploads\/2022\/07\/esme-ecole-ingenieur-fbk.jpg","type":"image\/jpeg"}],"twitter_card":"summary_large_image","twitter_title":"ESME Research Lab - Le d\u00e9partement recherche de l'ESME","twitter_description":"\u00c0 l\u2019ESME, la recherche et le transfert de technologie sont intimement m\u00eal\u00e9s au processus d\u2019innovation et impr\u00e8gnent vraiment la p\u00e9dagogie.","twitter_misc":{"Dur\u00e9e de lecture estim\u00e9e":"3 minutes"},"schema":{"@context":"https:\/\/schema.org","@graph":[{"@type":"WebPage","@id":"https:\/\/www.esme.fr\/recherche\/","url":"https:\/\/www.esme.fr\/recherche\/","name":"ESME Research Lab - Le d\u00e9partement recherche de l'ESME","isPartOf":{"@id":"https:\/\/www.esme.fr\/recherche\/#website"},"primaryImageOfPage":{"@id":"https:\/\/www.esme.fr\/recherche\/#primaryimage"},"image":{"@id":"https:\/\/www.esme.fr\/recherche\/#primaryimage"},"thumbnailUrl":"https:\/\/www.esme.fr\/recherche\/wp-content\/uploads\/2022\/07\/esme-ecole-ingenieur-fbk.jpg","datePublished":"2017-07-25T07:00:20+00:00","dateModified":"2025-03-03T14:41:38+00:00","description":"\u00c0 l\u2019ESME, la recherche et le transfert de technologie sont intimement m\u00eal\u00e9s au processus d\u2019innovation et impr\u00e8gnent vraiment la p\u00e9dagogie.","breadcrumb":{"@id":"https:\/\/www.esme.fr\/recherche\/#breadcrumb"},"inLanguage":"fr-FR","potentialAction":[{"@type":"ReadAction","target":["https:\/\/www.esme.fr\/recherche\/"]}]},{"@type":"ImageObject","inLanguage":"fr-FR","@id":"https:\/\/www.esme.fr\/recherche\/#primaryimage","url":"https:\/\/www.esme.fr\/recherche\/wp-content\/uploads\/2022\/07\/esme-ecole-ingenieur-fbk.jpg","contentUrl":"https:\/\/www.esme.fr\/recherche\/wp-content\/uploads\/2022\/07\/esme-ecole-ingenieur-fbk.jpg","width":1200,"height":630,"caption":"ESME - L'\u00e9cole des ing\u00e9nieurs de l'innovation responsable"},{"@type":"BreadcrumbList","@id":"https:\/\/www.esme.fr\/recherche\/#breadcrumb","itemListElement":[{"@type":"ListItem","position":1,"name":"Accueil","item":"https:\/\/www.esme.fr\/recherche\/"},{"@type":"ListItem","position":2,"name":"Accueil"}]},{"@type":"WebSite","@id":"https:\/\/www.esme.fr\/recherche\/#website","url":"https:\/\/www.esme.fr\/recherche\/","name":"","description":"Innovative Engineering","potentialAction":[{"@type":"SearchAction","target":{"@type":"EntryPoint","urlTemplate":"https:\/\/www.esme.fr\/recherche\/?s={search_term_string}"},"query-input":{"@type":"PropertyValueSpecification","valueRequired":true,"valueName":"search_term_string"}}],"inLanguage":"fr-FR"}]}},"_links":{"self":[{"href":"https:\/\/www.esme.fr\/recherche\/wp-json\/wp\/v2\/pages\/2440","targetHints":{"allow":["GET"]}}],"collection":[{"href":"https:\/\/www.esme.fr\/recherche\/wp-json\/wp\/v2\/pages"}],"about":[{"href":"https:\/\/www.esme.fr\/recherche\/wp-json\/wp\/v2\/types\/page"}],"author":[{"embeddable":true,"href":"https:\/\/www.esme.fr\/recherche\/wp-json\/wp\/v2\/users\/1"}],"replies":[{"embeddable":true,"href":"https:\/\/www.esme.fr\/recherche\/wp-json\/wp\/v2\/comments?post=2440"}],"version-history":[{"count":15,"href":"https:\/\/www.esme.fr\/recherche\/wp-json\/wp\/v2\/pages\/2440\/revisions"}],"predecessor-version":[{"id":7452,"href":"https:\/\/www.esme.fr\/recherche\/wp-json\/wp\/v2\/pages\/2440\/revisions\/7452"}],"wp:featuredmedia":[{"embeddable":true,"href":"https:\/\/www.esme.fr\/recherche\/wp-json\/wp\/v2\/media\/5548"}],"wp:attachment":[{"href":"https:\/\/www.esme.fr\/recherche\/wp-json\/wp\/v2\/media?parent=2440"}],"curies":[{"name":"wp","href":"https:\/\/api.w.org\/{rel}","templated":true}]}}